
Let u(t) = 348*t - 37362. What is u(110)?
918
Let d(u) = -8*u**2 - 731*u - 4980. Determine d(-84).
-24
Let t(y) = -21*y**2 + 1101*y - 51. Calculate t(53).
-687
Let r(p) = -2*p**3 + 52*p**2 + 753*p - 20053. Determine r(25).
22
Let h(l) = 7*l**3 + 132*l**2 - 31*l - 186. Determine h(-19).
42
Let m(c) = c**2 - 5449. What is m(74)?
27
Let j(s) = 108*s**2 - 2671*s + 25. What is j(25)?
750
Let k(p) = p**2 + 1942*p - 155095. Calculate k(77).
368
Let o(i) = 1048*i - 813455. What is o(776)?
-207
Let b(p) = -p**3 - 104*p**2 - 430*p - 325. What is b(-1)?
2
Let o(s) = 97*s**3 - 4*s**2 - 3*s + 11. Calculate o(-2).
-775
Let i(c) = 2*c**2 + 2490*c + 557875. Give i(-293).
3
Let m(g) = 2815085*g - 16890507. Determine m(6).
3
Let j(k) = 7*k**2 - 4141*k - 24907. What is j(-6)?
191
Let h(o) = 2*o**2 - 8239*o + 310225. Calculate h(38).
31
Let a(b) = -41*b**3 - 2252*b**2 + 157*b - 242. Determine a(-55).
198
Let u(h) = -55*h**2 - 1289*h + 9009. Calculate u(7).
-2709
Let b(v) = -2*v**3 + 3*v**2 + 488*v - 1470. Determine b(3).
-33
Let t(w) = -w**3 + 45*w**2 + 2799*w - 105. What is t(-35)?
-70
Let g(m) = -8*m**2 + 125*m + 267. Calculate g(19).
-246
Let i(r) = r**3 + 422*r**2 + 6103*r - 37. Give i(-15).
-7
Let s(y) = 24576*y**2 + 49218*y + 134. Determine s(-2).
2
Let x(a) = 5*a**3 - 546*a**2 + 4032*a + 140. What is x(8)?
12
Let j(f) = -f**3 - 49*f**2 + 24204*f + 300. Calculate j(133).
34
Let x(u) = -2*u**2 - 1556*u - 234190. Give x(-574).
2
Let m(z) = 2*z**2 + 19805*z - 1899529. Determine m(95).
-4
Let x(r) = 10*r**2 + 254*r - 901. What is x(3)?
-49
Let c(w) = 3*w**3 - 59*w**2 + 187*w - 4137. What is c(20)?
3
Let u(q) = -365*q - 26767. Calculate u(-74).
243
Let a(s) = -5*s**2 + 1610*s - 102222. Calculate a(87).
3
Let v(x) = x**2 + 98*x - 6903. Calculate v(-148).
497
Let o(n) = -618387*n + 2473532. Give o(4).
-16
Let f(a) = -331*a**2 - 3301*a + 9. Calculate f(-10).
-81
Let c(q) = 1060*q + 9815. Determine c(-9).
275
Let o(d) = d**3 - 147*d**2 + 2077*d + 340. Calculate o(131).
-2149
Let z(f) = 27012*f + 16261218. Give z(-602).
-6
Let w(z) = 2*z**3 + 161*z**2 + 379*z - 228. Calculate w(-78).
630
Let g(b) = b**3 + 15*b**2 - 102*b - 1204. Give g(-14).
420
Let v(n) = -348*n + 26134. Determine v(75).
34
Let z(x) = -1321*x + 15766. Give z(11).
1235
Let y(p) = 3*p**3 + 124*p**2 - 1644*p + 12. What is y(12)?
3324
Let p(f) = f**3 + 512*f**2 - 648*f - 69023. What is p(-513)?
232
Let t(z) = -3*z**2 - 151879*z + 911384. Calculate t(6).
2
Let d(g) = 51*g**2 - 4178*g - 335. Give d(82).
-7
Let c(q) = q**2 + 617*q - 128073. Calculate c(164).
11
Let j(u) = 75*u - 1838. What is j(48)?
1762
Let y(d) = 1460*d - 4798. What is y(3)?
-418
Let y(t) = t**3 + 40*t**2 + 143*t + 2529. Give y(-38).
-17
Let o(g) = -2*g**3 - 927*g**2 - 25195*g + 158. Give o(-29).
-16
Let c(k) = -2*k**2 + 82*k + 3654. What is c(87)?
-4350
Let c(g) = g**3 - 6*g**2 + 71*g - 412. Determine c(6).
14
Let y(l) = 20*l - 2407. Determine y(54).
-1327
Let g(a) = 808*a + 317545. What is g(-393)?
1
Let h(o) = -8920*o + 17494. Determine h(2).
-346
Let j(w) = 1197*w + 55396. Determine j(-46).
334
Let m(i) = -8*i**3 + 226*i**2 + 3370*i - 617. Determine m(39).
7
Let z(r) = -46*r**2 + 1710*r - 603. Calculate z(37).
-307
Let h(j) = -87422*j - 9703847. Determine h(-111).
-5
Let j(i) = 16*i**2 - 25395*i + 131311. Calculate j(1582).
5
Let k(v) = 3487*v - 170861. Give k(49).
2
Let t(g) = 14743*g + 206382. What is t(-14)?
-20
Let g(r) = 155*r**2 - 8693*r + 740. Determine g(56).
12
Let a(b) = 113*b**2 - 1556*b + 1147. Give a(13).
16
Let n(l) = -43*l**2 - 1694*l - 11. Calculate n(-38).
2269
Let i(t) = 88*t**2 - 3098*t - 2523. Determine i(36).
-3
Let s(g) = 715489*g + 2146466. What is s(-3)?
-1
Let r(k) = -k**3 - 21*k**2 + 35*k - 707. Determine r(-26).
1763
Let f(x) = 4052*x + 60710. Give f(-15).
-70
Let u(r) = -r**2 - 166*r - 5200. Give u(-41).
-75
Let u(b) = -2*b**2 + 637*b - 13223. Give u(296).
97
Let y(h) = 5*h**2 + 2787*h + 30381. Determine y(-11).
329
Let q(x) = 9647*x - 8933080. Calculate q(926).
42
Let z(q) = 118*q + 5838. Determine z(-54).
-534
Let v(k) = k**3 - 23*k**2 - 276*k + 6492. Give v(21).
-186
Let m(k) = 2*k**3 - 6*k**2 - 238*k + 1282. What is m(5)?
192
Let y(d) = -207*d**2 + 5771*d + 44. Determine y(28).
-656
Let c(h) = h**3 + 28*h**2 + 188*h - 9. Calculate c(-11).
-20
Let y(d) = -143*d - 10899. What is y(-73)?
-460
Let v(b) = -132*b**2 + 4810*b + 13179. Determine v(39).
-3
Let m(c) = -c**3 - 59*c**2 - 444*c - 64. What is m(-51)?
1772
Let q(m) = 1550*m - 13893. What is q(9)?
57
Let g(z) = -4*z**2 + 276*z + 4806. Calculate g(85).
-634
Let m(v) = 1368*v - 87700. Determine m(65).
1220
Let j(v) = 225525*v - 4059444. Determine j(18).
6
Let v(r) = 5*r**2 + 1212*r - 27087. What is v(-263)?
2
Let r(t) = -56408*t - 112814. What is r(-2)?
2
Let d(g) = 3*g**3 + g**2 - 63881*g + 127741. What is d(2)?
7
Let u(b) = 11405*b + 102292. Determine u(-9).
-353
Let d(n) = -2*n**3 - 847*n**2 - 1997*n + 45466. Calculate d(-421).
-2
Let x(u) = -3522*u - 66463. Calculate x(-19).
455
Let f(r) = -53247*r + 266395. What is f(5)?
160
Let f(h) = 27*h**2 + 8134*h + 2089. What is f(-301)?
-18
Let k(x) = -3*x**3 + 31*x**2 + 405*x + 140. Determine k(18).
-22
Let m(t) = 20*t**2 + 7*t + 18. Give m(-2).
84
Let r(p) = 2668*p - 98719. Give r(37).
-3
Let o(k) = -8980*k + 341246. Give o(38).
6
Let v(u) = -9916*u + 39350. Give v(4).
-314
Let o(q) = 275*q + 48909. Determine o(-178).
-41
Let w(q) = -3497*q + 36914. What is w(11)?
-1553
Let l(r) = -138*r**2 + 3122*r + 4567. Determine l(24).
7
Let s(p) = 81183*p - 487072. Calculate s(6).
26
Let i(l) = l**3 - 38*l**2 - 698*l - 1156. Give i(-12).
20
Let x(i) = 18861*i - 263385. Give x(14).
669
Let f(p) = -2*p**2 + 289*p + 35916. Give f(-80).
-4
Let o(g) = 33*g**2 + 13*g + 15. Calculate o(-4).
491
Let z(h) = 9*h**2 + 159*h + 653. Give z(-5).
83
Let b(k) = -k**3 + 107*k**2 - 1738*k - 539. Determine b(87).
-365
Let t(v) = -8*v**2 + 1110*v - 33688. Determine t(45).
62
Let k(y) = 5882*y + 6190. Give k(-1).
308
Let h(x) = 35*x**3 - 572*x**2 - 430*x + 222. What is h(17)?
-441
Let a(d) = -13*d**2 - 1669*d - 1670. Determine a(-1).
-14
Let h(a) = -1118*a + 39736. Give h(38).
-2748
Let a(b) = 32086*b + 5. Give a(0).
5
Let w(k) = 117787*k - 235607. What is w(2)?
-33
Let w(d) = -42*d**2 - 2219*d + 104. Give w(-53).
-267
Let a(n) = 533*n + 66516. Give a(-124).
424
Let s(n) = n**3 + 15*n**2 - 31*n - 94. Give s(-14).
536
Let n(s) = s**3 + 172*s**2 - 6750*s + 2816. What is n(-205)?
-259
Let a(k) = 9191*k - 431353. Calculate a(47).
624
Let o(g) = 37*g**2 - 1172*g - 238. Give o(32).
146
Let s(c) = -271*c + 14242. Determine s(46).
1776
Let a(u) = 609*u - 19247. Calculate a(32).
241
Let x(y) = -5*y**2 - 2307*y + 29876. What is x(-474)?
14
Let t(z) = z**3 + 412*z**2 + 299*z + 123191. Calculate t(-412).
3
Let y(z) = -z**3 + 144*z**2 - 1988*z - 7663. What is y(128)?
17
Let a(w) = -2146*w**2 - 218892*w + 40. Calculate a(-102).
40
Let q(o) = 20084*o + 121023. Determine q(-6).
519
Let j(w) = w**3 + 30*w**2 + 65*w - 2049. Give j(-23).
159
Let k(r) = -77*r + 13143. Determine k(170).
53
Let c(o) = 291069*o - 4657103. Give c(16).
1
Let c(v) = 868619*v + 10423421. Determine c(-12).
-7
Let c(o) = -25*o**2 - 5210*o - 135286. Determine c(-178).
-6
Let d(m) = 7*m**2 + 148*m - 143. Give d(-20).
-303
Let p(l) = -2*l**2 + 61*l + 11445. Give p(93).
-180
Let k(i) = -650*i + 455. Calculate k(1).
-195
Let s(c) = 26*c**2 - 1022*c - 17. Give s(39).
-329
Let p(q) = q**3 - 28*q**2 + 21*q + 1445. Calculate p(23).
-717
Let w(z) = -29*z**2 + 1682*z - 1656. Calculate w(57).
-3
Let l(r) = r**3 + 18*r**2 - 1781*r - 16789. Give l(-9).
-31
Let r(z) = 5513*z - 66410. Determine r(12).
-254
Let i(r) = 4*r**3 + 24308*r**2 + 48610*r - 7. Give i(-2).
-27
Let a(f) = 22*f**3 - 454*f**2 + 268*f + 248. What is a(20)?
8
Let i(p) = p**2 - 11168*p - 67051. Determine i(-6).
-7
Let u(o) = -o**3 - 80*o**2 + 1005*o - 53. Determine u(11).
-9
Let l(k) = k**3 + 12*k**2 - 689*k + 3329. Calculate l(17).
-3
Let c(w) = -1073*w - 518312. Calculate c(-483).
-53
Let r(p) = 113659*p + 2273171. What is r(-20)?
-9
Let g(u) = -161*u - 894. Give g(4).
-1538
Let l(q) = q**3 - 28*q**2 - 92*q + 3222. Calculate l(27).
9
Let s(d) = 24*d**3 - 223*d**2 + d + 54. Calculate s(9).
-504
Let r(j) = -60*j**2 - 930*j -